osite number?
False
Let y be 437 + 4 + -4 - -2. Is 1/(-2)*y*-2 composite?
False
Suppose -9*n - 9 = -8*n. Let z be n/(-15) + (-9291)/(-15). Is ((-4)/10)/((-4)/z) a composite number?
True
Let f(b) = 28248*b - 127. Is f(2) a prime number?
True
Let b = 29485 + -14412. Is b a composite number?
False
Let c = -36 + 39. Suppose -c*s + 6 = 0, -s = 2*d - 8657 + 557. Is d composite?
False
Let s(j) = 10*j**2 + 13*j - 173. Is s(24) prime?
False
Suppose -571 = -5*q + 354. Let c = -47 + -37. Let y = q - c. Is y composite?
False
Suppose 6825 = -72*y + 77*y. Suppose 5*q = 6850 - y. Is q a prime number?
True
Suppose 4*b - 2*c + 46 = 0, 2*c - 59 = 3*b + 2*b. Let j = 634 - b. Is j a composite number?
False
Suppose 2*i - o = 5163, 5 = -5*o - 20. Is i prime?
True
Let y = -6677 + 11460. Is y prime?
True
Suppose 3*l = -27 + 6. Let j = 5 + l. Is j/(-9) + (-2979)/(-81) a prime number?
True
Suppose 4*z + 8 + 0 = 0. Let d(b) = 4*b**2 + 6*b + 2. Let v be d(z). Suppose -2*i + 658 = 4*u, i + 2*u = v*i - 1693. Is i prime?
True
Let h = -21545 - -61068. Is h a composite number?
True
Let s(i) = 2*i - 15. Suppose f - 8 = 2. Let x be s(f). Suppose -2*p = a - 450, -4*p + 221 = -x*a - 651. Is p prime?
True
Let n(o) = -364*o**3 + 7*o**2 + 3*o + 5. Is n(-2) a composite number?
False
Suppose 4*k = v - 138 - 1335, -2*v - 5*k = -2933. Is v a composite number?
True
Suppose -96*c + 93*c = -114. Is c a composite number?
True
Let n = -66 - -75. Is 107/1*3*15/n prime?
False
Let d be 45/(-6)*(-16)/20. Suppose 2*b + d = 2*m, -26 = -2*b - 4*m - 2. Suppose 5*p - b*n = 124 - 31, 2*n - 21 = -p. Is p a prime number?
True
Suppose -5*j + 19 = -i, -3*j + 8*j = 2*i + 23. Is j*(-4 + (-1715)/(-15)) composite?
False
Suppose 36*l - 280197 + 37881 = 0. Is l a prime number?
False
Is (-1079438)/(-148) + 6/4 a composite number?
True
Let l(i) = -914*i. Let y(m) = m. Let g(t) = l(t) + y(t). Is g(-1) composite?
True
Suppose 2*p + h = 1, -4*p = 4*h - 5 + 1. Suppose -5*m = -4*m - 4. Suppose p = -m*x + 1255 + 1101. Is x a composite number?
True
Suppose -65536 = -4*o - 4*b, -2*o + 3*b + 16379 + 16379 = 0. Is o composite?
True
Let c(i) = -2*i - 14. Let v be c(-9). Is (1 + -2235)*v/(-8) a prime number?
True
Let l(x) = 87*x**2 - 5*x - 1. Is l(7) a prime number?
False
Let w = 2 - -3. Suppose 0*s + 3150 = w*s. Suppose -935 = -5*a + 3*r + 123, -3*a + s = 3*r. Is a a composite number?
False
Suppose 24*n - 7*n = 346273. Is n a prime number?
True
Let p(h) = 41*h - 363. Is p(16) prime?
True
Let y = -19 - -23. Is ((-226)/((-2)/4*y))/1 a composite number?
False
Let g = 1998 + -787. Is g a composite number?
True
Let l = 163 + -159. Suppose 935 = 7*q + l*q. Is q prime?
False
Let t(d) = -395*d + 5. Let k be t(4). Is k/(-12) - (-4)/(-32)*2 a composite number?
False
Suppose -19*m + 12*m = -103481. Is m prime?
True
Suppose 3*s - 5*x = 49, -2*x = 4*s - 3*x - 37. Suppose 3*d + 2685 = s*d. Is d a prime number?
False
Let p(b) = 160*b**2 + 14*b + 17. Is p(-4) prime?
True
Suppose 0 = -5*t - 11 - 79. Is -6*(1 + t/4) a composite number?
True
Let p(a) = 4*a**2 + 10*a - 121. Is p(13) composite?
True
Suppose 0 = -4*t + 7 + 5. Let j = 147 + -145. Is t*(303/9 - j) prime?
False
Let n(l) = 1819*l - 1225. Is n(8) a composite number?
False
Suppose -3*t - 40*b = -36*b - 35177, 4*t - b = 46928. Is t a prime number?
True
Is 8/68 - (16350/(-34) - 4) a prime number?
False
Let h(n) = -n + 6. Let m be h(2). Suppose 1292 = -m*a + 5200. Is a composite?
False
Let m = 3 + 1. Suppose m*s = -0*g + g + 41, 3*g - s + 68 = 0. Is ((-14)/g)/(4/2442) a composite number?
True
Suppose x - 5 + 2 = 0. Let w(k) = -19 + 2*k**2 - 11*k - 14*k**2 - x*k**2 + 3*k**2 - k**3. Is w(-13) a prime number?
True
Let a(d) = 975*d + 298. Is a(9) a composite number?
True
Suppose 5*n - 5831 = 2*p - 31478, 2*p - 3*n = 25637. Is p prime?
False
Suppose 81*k - 86*k + 28895 = 0. Is k a prime number?
True
Is 1/((-4)/(-6)) - 1382080/(-128) a composite number?
False
Suppose 3589 = 4*c + w, 1970 + 1607 = 4*c + 5*w. Let v be (c/2)/((-9)/(-18)). Suppose 259 = -3*j + v. Is j a prime number?
False
Let d = 0 + 2. Let o be -2 - (-93 + (2 - 4)). Suppose o = s + d*s. Is s a prime number?
True
Let d = 4805 - 2220. Is 4 + 4/(20/d) prime?
True
Let k(j) = j - 1. Let m be k(4). Suppose 0 = 3*u - 3, u - 21 = -m*r + 22. Is r composite?
True
Let a(c) = c**3 - 18*c**2 - 9*c + 12. Let d be a(9). Let q = -397 - d. Is q a prime number?
True
Suppose 8*v + 27770 = 18*v. Is v prime?
True
Let q be (-5)/(-25)*0 - 8628. Is ((-2)/3)/(8/q) a prime number?
True
Suppose -414 = -7*s + 4*s + 5*y, -3*s - 3*y = -438. Is s composite?
True
Suppose -3*r + 2*x = 69, 0 = 2*r + 2*r - 4*x + 88. Let i = 19 + r. Is 1008/39 + i/(-39) prime?
False
Let x = -28398 - -40055. Is x prime?
True
Let l(m) = 98*m**2 - 23*m - 2. Is l(5) composite?
False
Let l(w) = -5*w**2 + 5*w + 2. Let y(v) = 6*v**2 - 6*v - 3. Let j(g) = 5*l(g) + 4*y(g). Let r be j(0). Is 22*46/(-8)*r a composite number?
True
Suppose -157726 - 19969 = -7*d. Is d a prime number?
False
Let c(g) = g**3 + 20*g**2 - 9*g + 9. Is c(-19) prime?
True
Let a be ((-6)/8)/(6/(-144)). Let z be (-380)/90 - (-4)/a. Let p = z - -73. Is p a prime number?
False
Let i be (-2 - 4 - 0)*-3. Let j be (-6)/(6/(-3)*(-3)/(-3)). Suppose -j*u - 48 = -4*c, 2*c = u + 8 + i. Is c a composite number?
True
Let d = 80 + -54. Let q = 82 + -37. Let j = q - d. Is j prime?
True
Let y = 149 - 98. Is 6/y - (-5676)/17 prime?
False
Let i be 1542/72*4*3/1. Let t = 66 + i. Is t prime?
False
Let z = -4 - -7. Suppose 3*k + z*b = -k + 1496, 3*k - 3*b - 1143 = 0. Suppose -4*j + 376 = -4*m, 3*j + j - k = 3*m. Is j a composite number?
True
Suppose 1959 = 4*k - 24589. Is k prime?
True
Let t be (-8)/(-24) - ((-80)/6)/5. Suppose -4*m = -t*m - 1087. Is m a composite number?
False
Let d = -101173 + 143100. Is d a prime number?
True
Suppose -662 = 4*y - 3*z + 627, 2*z = -4*y - 1314. Let b = 47 - y. Is b prime?
True
Suppose -4*o - 2*p - 12015 + 148449 = 0, 3*p + 136419 = 4*o. Is o a prime number?
False
Suppose 0 = 2*m - 2*o - 1308, -12*o = 5*m - 7*o - 3220. Is m a composite number?
True
Suppose 12*v = 10*v + 32. Is 18388/v + (-3)/12 a prime number?
False
Let q = 1250 + -869. Is q a composite number?
True
Suppose -2747 + 959 = -4*v. Let x be 2 - ((-4 - -3) + 1). Suppose -i = x*i - v. Is i prime?
True
Let s = -9062 + 20503. Is s a composite number?
True
Is (-1 + 18/(-24))*-2612 prime?
False
Let j = 35 + -30. Is 3 + j/((-25)/(-2940)) a prime number?
False
Suppose 5*h - 10855 = -5*p, -p - 2*h = -2*p + 2177. Is p a prime number?
False
Suppose 36467 + 5751 = 4*x + g, 3*x = 2*g + 31669. Is x composite?
True
Suppose 0 = 9*f - f - 12800. Let d = f + -1059. Is d a composite number?
False
Let g = -111 - -114. Suppose 0 = v - g*v + 3*u + 506, 3*v - u = 759. Is v composite?
True
Let w be (-2 + (-592)/6)/(10/(-30)). Let j = w + 191. Is j composite?
True
Suppose 48*x - 53*x + 4*m = -87339, 5*x = -5*m + 87375. Is x a composite number?
False
Let r be (2/3)/((-7)/1806). Let n be r/3*(-12)/8. Suppose 3*u - 5*u = -n. Is u a composite number?
False
Suppose 834*v - 133803 = 825*v. Is v prime?
True
Let k = 998 + -223. Suppose 0 = -3*u + k - 157. Is u a prime number?
False
Let a = 8661 + -52. Is a composite?
False
Is (-4 + -17022)/(-4 - -2) a composite number?
False
Let l(v) = 1 + 9*v + 2*v**2 - 1 + 2 - 3. Let s be l(-4). Is (860/(-12))/s*3 a composite number?
False
Suppose -5*b + 33 = -y, 5*b - 4*y + y - 29 = 0. Let z(o) = o + 0*o - b*o - 5*o - 2. Is z(-3) a prime number?
True
Is -1*(16/(-20) - (-90902)/(-10)) a prime number?
True
Suppose 4*s = -3*l + 10295, -8085 - 9081 = -5*l + s. Is l composite?
False
Suppose 27*s - 48867 - 776064 = 0. Is s composite?
False
Let r be 6/39 - 1548/(-78). Let u = r + -18. Suppose -u*i - 3*i = -6755. Is i composite?
True
Let p(f) = -45*f**3 + 6*f**2 - 3*f + 16. Is p(-5) a prime number?
False
Let z(c) = 2 + 27*c**3 + 3 - 4*c**2 - 6 - 39*c + 42*c. Is z(2) prime?
False
Suppose 13*h = 8430 + 5363. Is h composite?
False
Suppose -4*l = -x + 19, 4*x + 5*l - 19 - 15 = 0. Is (7/(-2))/(x/(-242)) a prime number?
False
Suppose -4*c + 38 = 5*z - 33, 4 = c. Suppose 2*q = 3 + z. Suppose -6*b + q*b = 0, -10 = -a + b. Is a composite?
True
Let u = 14185 + 2928. Is u composite?
True
Let n be (-2)/((-5)/(5140/8)). Let y = 395 + -223. Let m = n - y. I